{"id":411,"date":"2024-11-04T10:02:58","date_gmt":"2024-11-04T10:02:58","guid":{"rendered":"http:\/\/turkuazseafood.com.tr\/?page_id=411"},"modified":"2024-12-02T06:31:31","modified_gmt":"2024-12-02T06:31:31","slug":"vizyonumuz","status":"publish","type":"page","link":"https:\/\/turkuazseafood.com.tr\/?page_id=411","title":{"rendered":"Vizyonumuz"},"content":{"rendered":"\t\t<div data-elementor-type=\"wp-page\" data-elementor-id=\"411\" class=\"elementor elementor-411\">\n\t\t\t\t<div class=\"elementor-element elementor-element-666e084d e-flex e-con-boxed e-con e-parent\" data-id=\"666e084d\" data-element_type=\"container\" data-settings=\"{&quot;background_background&quot;:&quot;classic&quot;}\">\n\t\t\t\t\t<div class=\"e-con-inner\">\n\t\t<div class=\"elementor-element elementor-element-4d73c22 e-con-full e-flex e-con e-child\" data-id=\"4d73c22\" data-element_type=\"container\">\n\t\t\t\t<div class=\"elementor-element elementor-element-5c2d8792 elementor-invisible elementor-widget elementor-widget-heading\" data-id=\"5c2d8792\" data-element_type=\"widget\" data-settings=\"{&quot;_animation&quot;:&quot;fadeInUp&quot;,&quot;_animation_delay&quot;:200}\" data-widget_type=\"heading.default\">\n\t\t\t\t<div class=\"elementor-widget-container\">\n\t\t\t<h2 class=\"elementor-heading-title elementor-size-default\">Vizyonumuz<\/h2>\t\t<\/div>\n\t\t\t\t<\/div>\n\t\t\t\t<\/div>\n\t\t\t\t\t<\/div>\n\t\t\t\t<\/div>\n\t\t<div class=\"elementor-element elementor-element-14276f88 e-flex e-con-boxed e-con e-parent\" data-id=\"14276f88\" data-element_type=\"container\">\n\t\t\t\t\t<div class=\"e-con-inner\">\n\t\t<div class=\"elementor-element elementor-element-4636b8bb e-con-full e-flex e-con e-child\" data-id=\"4636b8bb\" data-element_type=\"container\">\n\t\t\t\t<div class=\"elementor-element elementor-element-34edb578 animated-slow elementor-invisible elementor-widget elementor-widget-image\" data-id=\"34edb578\" data-element_type=\"widget\" data-settings=\"{&quot;_animation&quot;:&quot;fadeInLeft&quot;,&quot;_animation_delay&quot;:200}\" data-widget_type=\"image.default\">\n\t\t\t\t<div class=\"elementor-widget-container\">\n\t\t\t\t\t\t\t\t\t\t\t\t\t<img decoding=\"async\" src=\"https:\/\/turkuazseafood.com.tr\/wp-content\/uploads\/2024\/11\/Adsiz-tasarim-12.png\" title=\"izmir midyeci\" alt=\"izmir midyeci\" loading=\"lazy\" \/>\t\t\t\t\t\t\t\t\t\t\t\t\t<\/div>\n\t\t\t\t<\/div>\n\t\t\t\t<\/div>\n\t\t<div class=\"elementor-element elementor-element-74790702 e-con-full e-flex e-con e-child\" data-id=\"74790702\" data-element_type=\"container\">\n\t\t\t\t<div class=\"elementor-element elementor-element-5320c16a elementor-invisible elementor-widget elementor-widget-heading\" data-id=\"5320c16a\" data-element_type=\"widget\" data-settings=\"{&quot;_animation&quot;:&quot;fadeInUp&quot;,&quot;_animation_delay&quot;:400}\" data-widget_type=\"heading.default\">\n\t\t\t\t<div class=\"elementor-widget-container\">\n\t\t\t<h2 class=\"elementor-heading-title elementor-size-default\">Vizyonumuz<\/h2>\t\t<\/div>\n\t\t\t\t<\/div>\n\t\t\t\t<div class=\"elementor-element elementor-element-7b973f3e elementor-invisible elementor-widget elementor-widget-text-editor\" data-id=\"7b973f3e\" data-element_type=\"widget\" data-settings=\"{&quot;_animation&quot;:&quot;fadeInUp&quot;,&quot;_animation_delay&quot;:300}\" data-widget_type=\"text-editor.default\">\n\t\t\t\t<div class=\"elementor-widget-container\">\n\t\t\t\t\t\t\t<p>Vizyonumuz, deniz tutkunlar\u0131n\u0131n ilk tercihi olmay\u0131 hedefleyen yenilik\u00e7i ve lider bir marka olmakt\u0131r. Sekt\u00f6rdeki en iyi hizmeti sunarak, hem teknelerinizi hem de taze midyelerimizi en geni\u015f kitleye ula\u015ft\u0131rmak i\u00e7in s\u00fcrekli olarak geli\u015fen bir platform olu\u015fturmay\u0131 ama\u00e7l\u0131yoruz.<\/p><p>Denizcilik ve g\u0131da sekt\u00f6rlerinde kaliteyi ve g\u00fcveni bir araya getirerek, m\u00fc\u015fterilerimize benzersiz bir deneyim sunmay\u0131 hedefliyoruz. M\u00fc\u015fteri ihtiya\u00e7lar\u0131n\u0131 anlamak ve bu do\u011frultuda s\u00fcrekli olarak yenilikler yapmak, vizyonumuzu \u015fekillendiren temel unsurlardand\u0131r.<\/p><p>Ayr\u0131ca, s\u00fcrd\u00fcr\u00fclebilirlik ve \u00e7evre bilinci ile hareket ederek, deniz kaynaklar\u0131n\u0131n korunmas\u0131na katk\u0131da bulunmak ve do\u011fal ya\u015fam\u0131 desteklemek i\u00e7in \u00e7aba g\u00f6steriyoruz. Gelecek nesiller i\u00e7in temiz ve sa\u011fl\u0131kl\u0131 denizler b\u0131rakma misyonu ile, s\u00fcrd\u00fcr\u00fclebilir i\u015f uygulamalar\u0131n\u0131 benimsiyor ve topluma fayda sa\u011flamay\u0131 \u00f6ncelikli hedeflerimiz aras\u0131nda tutuyoruz.<\/p><p>Vizyonumuz, deniz tutkunlar\u0131n\u0131 bir araya getiren bir topluluk olu\u015fturarak, deniz sevgisini yaymak ve bu sevgiyi gelece\u011fe ta\u015f\u0131makt\u0131r.<\/p>\t\t\t\t\t\t<\/div>\n\t\t\t\t<\/div>\n\t\t\t\t<\/div>\n\t\t\t\t\t<\/div>\n\t\t\t\t<\/div>\n\t\t\t\t<\/div>\n\t\t","protected":false},"excerpt":{"rendered":"<p>Vizyonumuz Vizyonumuz Vizyonumuz, deniz tutkunlar\u0131n\u0131n ilk tercihi olmay\u0131 hedefleyen yenilik\u00e7i ve lider bir marka olmakt\u0131r. Sekt\u00f6rdeki en iyi hizmeti sunarak, hem teknelerinizi hem de taze midyelerimizi en geni\u015f kitleye ula\u015ft\u0131rmak i\u00e7in s\u00fcrekli olarak geli\u015fen bir platform olu\u015fturmay\u0131 ama\u00e7l\u0131yoruz. Denizcilik ve g\u0131da sekt\u00f6rlerinde kaliteyi ve g\u00fcveni bir araya getirerek, m\u00fc\u015fterilerimize benzersiz bir deneyim sunmay\u0131 hedefliyoruz. M\u00fc\u015fteri [&hellip;]<\/p>\n","protected":false},"author":1,"featured_media":0,"parent":0,"menu_order":0,"comment_status":"closed","ping_status":"closed","template":"elementor_header_footer","meta":{"footnotes":""},"class_list":["post-411","page","type-page","status-publish","hentry"],"aioseo_notices":[],"_links":{"self":[{"href":"https:\/\/turkuazseafood.com.tr\/index.php?rest_route=\/wp\/v2\/pages\/411","targetHints":{"allow":["GET"]}}],"collection":[{"href":"https:\/\/turkuazseafood.com.tr\/index.php?rest_route=\/wp\/v2\/pages"}],"about":[{"href":"https:\/\/turkuazseafood.com.tr\/index.php?rest_route=\/wp\/v2\/types\/page"}],"author":[{"embeddable":true,"href":"https:\/\/turkuazseafood.com.tr\/index.php?rest_route=\/wp\/v2\/users\/1"}],"replies":[{"embeddable":true,"href":"https:\/\/turkuazseafood.com.tr\/index.php?rest_route=%2Fwp%2Fv2%2Fcomments&post=411"}],"version-history":[{"count":19,"href":"https:\/\/turkuazseafood.com.tr\/index.php?rest_route=\/wp\/v2\/pages\/411\/revisions"}],"predecessor-version":[{"id":796,"href":"https:\/\/turkuazseafood.com.tr\/index.php?rest_route=\/wp\/v2\/pages\/411\/revisions\/796"}],"wp:attachment":[{"href":"https:\/\/turkuazseafood.com.tr\/index.php?rest_route=%2Fwp%2Fv2%2Fmedia&parent=411"}],"curies":[{"name":"wp","href":"https:\/\/api.w.org\/{rel}","templated":true}]}}